ppose 28 = 4*y - 8. Calculate the greatest common factor of y and h.
9
Suppose 4*k + 16 = 24. Let s = k - -10. Calculate the greatest common factor of 84 and s.
12
Let m be (-6)/24 - 805/(-20). What is the highest common divisor of m and 8?
8
Suppose -5597 + 1033 = -7*i. Calculate the greatest common divisor of i and 4.
4
Let q = 4183 - 4127. Suppose -3*c = -93 - 33. What is the greatest common divisor of q and c?
14
Let y = -235 + 307. Calculate the highest common divisor of y and 96.
24
Let c be ((-1)/(-2))/((-5)/(-500)). Suppose 0 = -5*a + 3*z + 240 + 260, z = 2*a - 200. Suppose -t - a = -6*t. What is the highest common factor of c and t?
10
Let b(f) = -f**2 - 46*f - 64. Let o be b(-34). What is the greatest common divisor of 43 and o?
43
Let t be 4/14 + (-68)/(-7). Suppose 3*d + 5*a = -1 - 8, 4*d = -5*a - 7. Let w be (d + -4 + 12)/1. Calculate the greatest common divisor of t and w.
10
Let p(i) = -4*i + 32. Let t be p(-11). Suppose -28 = 16*h - t. What is the greatest common divisor of h and 6?
3
Suppose 0 = -5*f + 164 - 24. Let m be 5540/f + (-1)/(-7). Let n(a) = 3*a - 27. Let h be n(15). What is the greatest common factor of h and m?
18
Let n be (-1*1)/((-20)/960). What is the highest common divisor of n and 176?
16
Let f be (0 - (-48)/1)*14/42. Calculate the greatest common factor of 424 and f.
8
Let q be 2270/9 - 8/36. Suppose w = -5*w + q. What is the greatest common divisor of w and 105?
21
Let c(l) = 2*l**2 - 13*l - 28. Let y be c(-9). Let p = y + -151. Calculate the greatest common factor of p and 40.
20
Suppose 4*j - 3*j = 0. Let v be 4*(j - -4)/4. Suppose -v*r + y + 896 = 0, -5*r + y + 1121 = -0*y. What is the highest common divisor of r and 25?
25
Suppose -320 = 2*z - 6*z. Suppose i - 76 = 2*y, i + 0*y - z = 3*y. Suppose -2*c = -4*c + 68. Calculate the greatest common divisor of i and c.
34
Let w(s) = -2*s**2 - 10*s - 8. Let v be w(-7). Let f = 4 - v. Let p = 205 - f. What is the highest common factor of p and 15?
15
Let k(m) = m**3 - 5*m**2 - 10*m + 6. Let d be k(7). Let n = -41 - -25. Let q = d + n. Calculate the highest common divisor of q and 162.
18
Let l(z) = z**3 + 6*z**2 - 11*z - 19. Let k be l(8). Suppose 0 = 14*p + k - 3701. Calculate the highest common divisor of p and 13.
13
Let g be (115*-1 + 0)*(-6)/15. Let w = -32 + g. What is the greatest common divisor of 2 and w?
2
Suppose -2*p = -4*p - 3*u + 133, 4*p - 4*u - 256 = 0. Suppose -2*b + 39 = b. What is the greatest common factor of p and b?
13
Let g(r) = 2*r**3 - r**2 + 4*r - 3. Let o(c) = -c**3 + c**2 + 1. Let v(u) = -g(u) - 3*o(u). Let j be v(5). Calculate the greatest common factor of 11 and j.
11
Let g be (-7)/(((-2)/8)/((-5)/(-10))). Suppose 0 = 3*v - 261 - 75. What is the greatest common divisor of v and g?
14
Let i be 9/(-3) - (-6 + 6 + -227). Calculate the greatest common divisor of 28 and i.
28
Let f = 611 + -604. What is the highest common factor of f and 2?
1
Let q(b) = -b**3 - 18*b**2 - 31*b + 18. Let k be q(-16). Suppose k*j + 0*j - 32 = 0. What is the highest common factor of j and 144?
16
Let x(m) = 13*m**2 + m + 3. Let s be x(-1). Let g(b) = 17*b + 1. Let u be g(7). Calculate the greatest common divisor of s and u.
15
Let z(w) = -w**2 + 8*w + 1. Let n be z(7). What is the greatest common divisor of n and 128?
8
Suppose 47 = 5*v - 28. Suppose 13*f = 8*f + v. Suppose f*l + 7 = 70. Calculate the greatest common factor of 3 and l.
3
Let w be (-1 + -12)/((-2)/4). Suppose 2*b - 4*u - 452 = 0, 14*b + 4*u = 17*b - 686. What is the highest common divisor of b and w?
26
Let k be 4/14 - (-976)/14. Let z(i) = i**3 - i**2 - 43*i + 35. Let w be z(7). Calculate the greatest common factor of k and w.
14
Let f(z) = 7*z - 5. Let y be f(5). Suppose 3*u = 2*u + 6. Calculate the greatest common divisor of y and u.
6
Suppose 0*x = 4*x - 3*j + 37, -3*x - 2*j = 32. Let g be (-118)/x + 8/40. Suppose -g + 34 = l. Calculate the highest common factor of l and 88.
22
Let f = -101 - -134. What is the greatest common factor of 11 and f?
11
Suppose -4*n + 4*i = -96, 0*n + 2*n = -3*i + 33. Let v be (4/(-6))/((-2)/(-57)). Let u = v + n. What is the greatest common divisor of 2 and u?
2
Let d = -116 - -675. Calculate the highest common factor of d and 13.
13
Let k = -2 + 64. Suppose 0 = m - 10 - k. What is the highest common factor of 9 and m?
9
Suppose 7*a - 1769 + 1412 = 0. What is the highest common factor of a and 1275?
51
Let c be (-22)/(-33)*(2 - -52). Calculate the greatest common factor of 48 and c.
12
Suppose 3*m + 2*m - 2*t = 171, 2*m - 64 = 3*t. Suppose 0*h + 5*h = -3*n + 55, 0 = 3*n - 5*h - m. What is the greatest common factor of n and 105?
15
Suppose 4*x - 3 = x. Let b = -1270 - -1275. What is the highest common divisor of x and b?
1
Suppose 0 = -n + 2*k + 465, 3*n - 2013 = 3*k - 627. What is the greatest common divisor of n and 189?
27
Suppose 3*a - 14 = -32. Let q(o) = o**2 + 7*o - 3. Let d be q(a). Let l = d - -17. Calculate the greatest common divisor of 20 and l.
4
Suppose 118 - 90 = -4*y, -4*g + y = -107. Suppose -2*v - o + 398 = 0, v + 4*o - 53 - 139 = 0. Calculate the greatest common factor of v and g.
25
Let d = 71 - 8. Calculate the greatest common factor of d and 21.
21
Let h = -23869 + 23913. Suppose 3*m - 58 = 41. Calculate the greatest common factor of m and h.
11
Suppose -4*z = -16, 0 = -5*f + 3*f - 3*z + 24. Let y = 66 - f. Suppose -72 = 35*g - 38*g. Calculate the greatest common factor of y and g.
12
Suppose 2*z - 66 = 4*u, 0*z - u - 69 = -2*z. Calculate the highest common factor of 140 and z.
35
Suppose 5*j = 4*o + 36 - 14, -20 = -4*j + 4*o. Suppose -2*d - s = -671 + 56, 2*d = j*s + 630. What is the highest common divisor of 31 and d?
31
Suppose 4*s + 2 = 14. Let p(w) = w**2 + 2*w - 6. Let i be p(2). Suppose -2*k - q + 8 = -i*q, -2*k - 3*q = 0. Calculate the highest common divisor of s and k.
3
Suppose -6*a + 5*a + 3 = 0. Suppose -a*u + 8 = -1, -2*u = 5*l - 186. What is the greatest common divisor of 48 and l?
12
Let v(k) = -k**3 + 10*k**2 - 10*k - 33. Let h be v(7). Calculate the greatest common factor of 275 and h.
11
Suppose 61*m - 57*m + 3*z - 111 = 0, -4*m + 3*z + 81 = 0. What is the highest common factor of 222 and m?
6
Let p be 0 - (-2 - 43)/3. Suppose 0*o + 5*o - 80 = 0. Let h = o + -11. What is the highest common factor of h and p?
5
Let w = 5 - -5. Let q = 4 + 9. Suppose 24*o = q*o + 880. Calculate the highest common divisor of w and o.
10
Let z = 1536 - 1077. Suppose 5*y + 4*c - 585 = 0, z = -3*y + 7*y + 5*c. Calculate the greatest common divisor of 11 and y.
11
Let s(i) be the first derivative of -i**2 - 2/3*i**3 + 5 - 3/4*i**4 + 0*i. Let j be s(-2). What is the greatest common divisor of 60 and j?
20
Let x = -64 - -71. Suppose 417 - 109 = x*z. What is the greatest common factor of z and 22?
22
Suppose 0 = -2*l - 6. Let z be 2 + 0 + (-9)/l. Suppose -g = -z*x - 27, 0*g + 2*g + x = 10. What is the highest common divisor of g and 35?
7
Suppose 23 - 59 = -4*y. Suppose m = 5*i - 95, i - 97 = -3*i + 5*m. What is the greatest common factor of y and i?
9
Let z(x) be the third derivative of -x**6/120 - x**5/12 + x**4/4 + x**3 - 4*x**2. Let l be z(-6). Calculate the highest common divisor of l and 30.
6
Let m be 676/12 + 2/(-6). Suppose 23*q + 48 = 29*q. Calculate the greatest common divisor of m and q.
8
Let n be 515/25 + (12/(-20) - -1). Calculate the highest common factor of 245 and n.
7
Let r be (-6)/(-4) + 1/(-2). Let t be ((-138)/4 + 21)*4/(-6). Calculate the greatest common divisor of r and t.
1
Let b be (8/5)/(2/5). Suppose -b*a + 0 = -20. Suppose -5*n + 30 = -20. What is the highest common factor of a and n?
5
Let x(v) = -v**3 + 13*v**2 + 15*v - 8. Let c be x(14). Suppose c*i = 7*i - 24. What is the highest common divisor of 168 and i?
24
Let r = 396 + -388. Calculate the highest common divisor of r and 104.
8
Let k = 3125 - 3095. Let p be 4/(-6) + (-124)/(-6). Calculate the highest common divisor of k and p.
10
Let u be (-8)/(-24) + 18610/15. What is the greatest common divisor of u and 17?
17
Let h be (1 + 0)/(3/(-198)*2). Let s = h - -34. What is the greatest common factor of s and 7?
1
Let g = 48 - 23. Suppose -3*k = -4*k + g. Suppose -4*r - 5*n = -575, 1957*n + 465 = 3*r + 1954*n. Calculate the greatest common factor of r and k.
25